ose -255*s + 110934 = -35436. What is the greatest common factor of 224 and s?
14
Suppose 586*f = 598*f. Suppose f = 4*v - g - 29, v = 5*v + g - 35. What is the highest common factor of 632 and v?
8
Let i = 1452 + -688. Calculate the greatest common factor of 2 and i.
2
Let q = -3475 - -7684. Calculate the greatest common factor of 122 and q.
61
Let w = -144 - -148. Suppose 5*u - w*y = 28 + 13, 0 = -4*u - 5*y. What is the greatest common divisor of 130 and u?
5
Let z be (448/252)/((-15)/(-20520)). Calculate the greatest common factor of 1976 and z.
152
Let p(z) = 21*z - 87. Let o be p(5). Suppose -294 = -3*f + 219. Calculate the highest common divisor of o and f.
9
Suppose 0*n + 2*y + 29 = 3*n, -n + 4*y + 23 = 0. Let z be (-21)/n*20/(-3). Let f = -3351 - -3571. What is the highest common divisor of z and f?
20
Let x = -9311 + 10047. Calculate the highest common divisor of x and 13064.
184
Suppose 5*n + 2303 = 4*k + 9246, -n - k = -1394. What is the greatest common divisor of n and 1?
1
Suppose 2*i + 100 = -20. Let z = i + 123. Let q be -11 + -53*(-13 + 12). What is the highest common divisor of q and z?
21
Suppose -5*r = 2*q + 694, 0 = q + q - 6. Let y be 90/4*(r/21)/(-5). Let v = 31 - 21. Calculate the highest common factor of y and v.
10
Let b be -30 + 21 + 10 + 1298/2. Calculate the highest common factor of b and 200.
50
Let s(y) = 25 - 32 + 2*y + y. Let z be s(3). Let j be (6 + (-6 - 16))/(z/(-1)). Calculate the highest common factor of j and 32.
8
Suppose -3*q + 53 + 43 = -3*i, -5*q + 167 = 2*i. Suppose 4*c + 4*n - 68 = 0, 12 = 3*c - 3*n - q. What is the greatest common divisor of c and 24?
8
Let a be ((-12)/(-9))/((-3)/(541 - 1)). Let d be a/108 + (-2)/(-9). Let s be d/11 + 804/66. Calculate the highest common divisor of 132 and s.
12
Let u(q) = -2*q**3 + 14*q**2 + 10*q - 4. Let i be u(7). Suppose -6*d + 30 = -i. Let a be (-1)/(-1)*2 - -6. What is the highest common divisor of a and d?
8
Suppose 2*b + y - 66 = 0, -5*y - 5 = -b + 6. What is the greatest common divisor of b and 3503?
31
Let r = 808 - 792. What is the highest common factor of 45776 and r?
16
Let x be (2394 - 6/2) + -117 + 118. Calculate the greatest common divisor of x and 16.
8
Let v be 6/8 - 986/(-136). Suppose -3*s + 3*a = -51, s - a + v = -5*a. Calculate the highest common divisor of s and 156.
12
Suppose 0 = -34*d + 1099 + 2505. Calculate the highest common divisor of 4 and d.
2
Let z(y) = 4*y - 13. Let s be z(15). Let n = s + -19. Suppose -2*g - 222 = -2*c, -3*c = c + 2*g - 450. What is the greatest common factor of c and n?
28
Let d(o) = -12*o + 115. Let p be d(10). Let r be 2/p - (1160/(-25) - -7). What is the greatest common divisor of r and 897?
39
Let y be (35/(-4) + -1)/(462/(-40040)). Calculate the greatest common divisor of 2015 and y.
65
Suppose -1824 = -55*y + 61*y. Let o = -108 - y. Calculate the highest common factor of 56 and o.
28
Let y = -6391 - -6499. What is the highest common factor of 81 and y?
27
Let v be (0/(-4))/(5 + -2) - 0. Suppose 5*t = -5*b + 25, -2*b + t + 2 - 4 = v. Calculate the highest common factor of 4 and b.
1
Let x be 1*1/(-4) + (339958/8)/59. What is the greatest common factor of 10 and x?
10
Let j = -3990 - -4060. Calculate the highest common divisor of 763 and j.
7
Suppose d + 4107 = 3*l, 4*l + d - 5787 = -304. What is the greatest common divisor of l and 20?
10
Suppose -o = -2*n + 325, 3*n - 5*o - 238 - 239 = 0. Let q = n - 143. What is the greatest common divisor of q and 42?
21
Let f = 140 - 104. Suppose -76 = -x - f. Calculate the greatest common factor of 260 and x.
20
Let f = -6 + 10. Suppose -132 = -4*d - 3*r, 0 = -2*d + 29763*r - 29762*r + 76. What is the greatest common factor of f and d?
4
Let w(z) = -4*z**2 + 93*z - 246. Let c be w(19). Suppose 0 = -5*v + 21 + 14. Calculate the highest common factor of v and c.
7
Suppose -2*i = -3*w - 20, i + 3*w = 5*w + 11. What is the highest common factor of i and 20?
1
Let y = -11024 + 11046. What is the highest common divisor of 5258 and y?
22
Let p be (30*30/(-80))/((-6)/272). Suppose 6*d - p = d. Calculate the greatest common factor of 17 and d.
17
Let a(f) = -3*f**2 + 18*f + 19. Let b be a(6). Let w(u) = 17*u**2 + 4*u + 4. Let q be w(-3). Let t = q - 12. What is the highest common divisor of b and t?
19
Suppose -3*n = 2*x - 138, -3*n = x - 98 + 23. Let d = 124 - 42. Suppose -d = -6*u + 2*u + z, 4*u = -3*z + 90. What is the highest common factor of x and u?
21
Let h(v) = 4*v - 27. Let d be h(6). Let l be (d*267/9 - 3)*-2. Calculate the highest common factor of l and 46.
46
Let b(o) = 3*o**3 - 55*o**2 + 20*o + 17. Let u be b(18). Suppose p = 1 + 2, -2*p = j - u. What is the highest common divisor of j and 235?
47
Suppose h = 32 - 2. Suppose -5*u - u + h = 0. Suppose 0 = -u*d - 110 + 210. Calculate the greatest common factor of 160 and d.
20
Let m(y) = 41*y - 1260. Let q be m(32). What is the highest common factor of 188 and q?
4
Let k be 2/(-2)*(-29 - 2). Suppose -28*b - 324 = -10*b. Let a = k + b. Calculate the highest common divisor of 13 and a.
13
Let g be 16*(-4)/(-8) - 8. Suppose -10*x - 2*x + 7056 = g. What is the highest common factor of 24 and x?
12
Let k(y) = 2*y**3 - 2*y**2 - 8*y + 5. Let n be k(5). Let g be 1/4*-2*-110. Suppose -v + g = -n. Calculate the highest common divisor of 88 and v.
44
Suppose -15*c + 831 + 429 = 0. Suppose 96 = 3*h + c. What is the highest common divisor of h and 6?
2
Let a = -9622 + 9912. Calculate the highest common factor of 55 and a.
5
Let m = 1 + -4. Let b(i) = -i**3 + 4*i**2 + 5*i + 4. Let z be b(m). Let l be -55 - -20*(-969)/(-285). Calculate the greatest common factor of z and l.
13
Let d be (-28)/16 - (-25971)/132. Calculate the greatest common factor of 4173 and d.
39
Let w be 11/((-495)/(-6453)) - (88/20 + -4). Calculate the highest common factor of w and 13.
13
Let d(w) = 13*w**2 + 40*w + 502. Let b be d(33). What is the highest common factor of 19 and b?
19
Suppose -34*w + 3*q - 730 = -35*w, -10 = -2*q. What is the greatest common divisor of w and 176?
11
Let j be (-31)/((-434)/(-12))*-14. What is the greatest common factor of j and 363?
3
Let g = -3031 - -4513. Suppose 4*t = 17*t - g. Calculate the highest common factor of t and 399.
57
Suppose 107 = 18*r - 73. Suppose -r*f = f - 231. What is the greatest common factor of f and 252?
21
Let v(b) = b**3 + 14*b**2 + 5*b + 33. Let p be v(-12). Let r = p + -71. Calculate the greatest common factor of 10 and r.
10
Let k be 750*(-3942)/(-1944) - (-2)/12*1. What is the greatest common divisor of 3627 and k?
117
Let c be (-2)/2 + -4*(5 + -4). Let d = 14 - c. Suppose -393 = -d*s + 101. What is the greatest common factor of s and 65?
13
Let m be -6*1*26/(-4). Let h be (-15)/(-15)*51/3 + 490. Calculate the highest common divisor of m and h.
39
Suppose -5*q + 216 = 4*d - 0*q, -4*d = 3*q - 216. Let t(p) = -p**2 + 171*p - 6876. Let c be t(105). Calculate the highest common factor of c and d.
54
Let d(q) = 1857*q + 9341. Let t be d(-5). Let p(u) = -u**3 + 10*u**2 + 7*u + 10. Let h be p(9). Calculate the greatest common factor of h and t.
14
Suppose -2*t + 870 = -5*j, -2*j + 3 = -5. Calculate the greatest common factor of t and 178.
89
Let n be (-216)/(-22) + -10 + 49560/330. Suppose -2*o = -4*v - 48, -108 = -o - 4*o + 4*v. What is the greatest common factor of n and o?
10
Let s(g) be the third derivative of -41*g**4/24 - 59*g**3/6 - 47*g**2. Let r be s(-7). Calculate the highest common divisor of 12 and r.
12
Let z be (3600/(-27) + 20)/(3/(-18)). What is the greatest common divisor of 30260 and z?
340
Let b = 3208 - 3201. Suppose 32 = -4*o - 0*o. Let a be (-3)/4 + (-14)/o. Calculate the highest common divisor of a and b.
1
Let m = -4094 + 4859. What is the greatest common factor of 180 and m?
45
Let m = 25 - -111. Suppose -o = -7*o - 114. Let v = 36 + o. What is the greatest common factor of v and m?
17
Let o = -327 + 306. Let d be (-7)/(o/48) - -4. What is the greatest common factor of 380 and d?
20
Suppose 0 = -3*f + r + 1789 + 325, -4*f + 2820 = -2*r. What is the highest common factor of 96 and f?
32
Let y(x) = 0*x**2 - 2*x**3 - 4*x**2 - 2*x**2 - 9*x + x**3 - 9. Suppose 61*o = 52*o - 45. Let u be y(o). What is the greatest common factor of u and 33?
11
Let d be (-1)/(-2 - 0 - (-133)/63). Le